.
5
Evaluate -2 + ((-2 - -3) + -1 - -3).
1
-3 - (-6 + 3) - 1 - -5
4
Evaluate 7 - ((-1 - (0 - 7)) + -7).
8
What is the value of (-3 - (-2 - -2)) + 8?
5
What is (2 - 2) + -6 - (-21 + 17)?
-2
What is the value of (1 - 5 - 5) + -2 + 7?
-4
Calculate -1 + 6 + (2 - 10).
-3
3 - (16 + -19 - (0 - 0))
6
Calculate -5 - (-4 - (-3 + -3 + 2)).
-5
What is the value of -16 + 16 + -1 + 5?
4
Calculate 2 - 4 - 2 - (-3 - -2).
-3
Evaluate -6 - (3 - (2 + 5)).
-2
What is 5 - (7 + (3 - 1))?
-4
What is the value of -2 - (3 - 7 - (-2 - -8))?
8
Evaluate (4 - 4 - -2) + 1 + 0.
3
(-1 - -13 - (1 + 5)) + 1
7
What is -1 + -5 + (3 - -2) + 6?
5
What is the value of 6 + -2 - (26 + -21)?
-1
(-2 - -2) + (-1 - (-5 + -1))
5
Evaluate 4 - (0 - -3) - (3 + 1).
-3
-9 + (-8 - -10 - (-2 - 0))
-5
Evaluate 0 - (-9 + 3 - -4) - 7.
-5
Evaluate 0 - (6 - (3 + 4)).
1
What is 8 - (0 + 0) - 4?
4
What is -9 - (-1 - -3) - -12?
1
Calculate 35 + -20 - 9 - (12 + 1).
-7
Calculate -4 - ((1 - 1) + -7).
3
What is -3 + 2 + -2 + 4?
1
What is 0 + 1 + -3 - (0 - -1)?
-3
Calculate -5 + (-5 - -9) + 5.
4
Calculate -12 + 10 - (-2 - (-1 + 4)).
3
Calculate 5 + 1 + -13 + 1.
-6
27 + -13 - (-5 - -14)
5
Calculate -29 + 36 - (1 - -11).
-5
Calculate 20 + -9 + 2 + -21.
-8
Evaluate (-4 - 0) + 9 + -10.
-5
What is the value of 4 - 1 - (1 + 0)?
2
Calculate -4 + (-2 - -1) + 1.
-4
What is 0 - (0 + -7 - -6)?
1
Evaluate 1 + -3 + 6 - (0 - 1).
5
What is 0 - 2 - (2 - 3) - -1?
0
What is -2 - 1 - (-18 + -17 + 28)?
4
Calculate (2 - (2 - 4)) + (0 - 2).
2
What is -1 - (5 + -3) - -6?
3
Evaluate -1 + 4 + -7 + 8 + 0.
4
What is 1 - (-4 - (3 - 8))?
0
1 - (-11 + -1 + 9)
4
7 - 1 - (-2 + -1 + 4)
5
What is -8 + 2 + (4 - -1)?
-1
What is 2 - (1 + 4 + -4) - -4?
5
Evaluate 1 + -2 + 6 + -1.
4
Evaluate -12 + 23 + -13 - -5.
3
Calculate 9 + -8 + (1 - -3).
5
1 + 1 + (-7 - -1) + 11
7
What is the value of (-11 + 9 - -6) + -12?
-8
Calculate 0 - 2 - (-1 + 2 - -1).
-4
What is -3 + (1 - (4 - (2 - -2)))?
-2
What is the value of 4 - ((15 - 20) + 0 + 13)?
-4
Evaluate 3 + (-2 - (2 - -2)).
-3
Evaluate (0 + 2 - (9 + -9)) + 5.
7
Evaluate (-1 - (0 - -7)) + (11 - 5).
-2
What is (-4 + 1 - (-2 - -1)) + -1?
-3
Calculate 5 + 3 + -12 + 6.
2
What is -11 + 5 + -1 + 8?
1
Evaluate 14 - 2 - ((-2 - -6) + -1).
9
What is the value of (0 - (0 - -3)) + (-1 - 0)?
-4
What is 0 + -2 + -2 + 3 + -1?
-2
What is the value of 0 - 1 - (-3 + 5 + -3)?
0
What is the value of 4 + -1 - (13 - (-9 - -18))?
-1
What is -8 + (12 - (-6 + 6)) - -4?
8
Evaluate 14 + -8 + (-2 - -1).
5
What is the value of (-5 - 8 - -8) + 5 + -1?
-1
What is the value of -16 + 11 + 10 + -9?
-4
What is 0 + (2 - (1 + -1))?
2
(-3 - -2 - -2) + -2
-1
Evaluate -3 + 2 - -2 - (3 - -1).
-3
-80 - -91 - ((5 - -2) + -1)
5
What is 4 + (9 - 5 - (0 - -3))?
5
What is 2 - (7 + -16 - -10)?
1
Evaluate (0 - (-6 - 6)) + -7.
5
What is -5 + 4 + -3 - -2?
-2
-4 - (1 - 1) - -5
1
Evaluate -6 + -7 + 3 + 2.
-8
What is -1 + -5 - (-5 - (-3 - -1))?
-3
Calculate 5 + -2 - (-4 + 4) - 2.
1
Calculate -6 - (6 + -8) - 1.
-5
Evaluate -5 - (10 - 9 - 12).
6
What is -3 + -1 + 1 - -1?
-2
3 - 6 - (-5 + 2)
0
Evaluate -129 + 119 - (-6 + -2).
-2
Calculate (6 - 3) + -2 + -4.
-3
Evaluate -1 + (3 - (0 - -6)).
-4
What is 2 + -5 + (1 - (-4 - -1))?
1
Evaluate (-3 - (1 + -6 + 0)) + -4.
-2
(0 - -3) + 4 - 11
-4
What is the value of (1 + -1 - 2) + (5 - 7)?
-4
(6 - (6 - -9)) + 5
-4
Evaluate -9 - (7 + -13 - 9).
6
Evaluate (-5 - -3) + (2 - -8) + -4.
4
Evaluate -3 + 1 + 3 + -1 + -5.
-5
Evaluate 13 - 1 - (92 + -84).
4
Calculate 0 + 6 - (-1 - (-6 + 4)).
5
What is -17 + 11 - (1 - 0)?
-7
What is 1 + (-2 - 10) + 4?
-7
6 - (7 - 9) - 13
-5
Calculate 13 + -11 - (-1 + 7).
-4
What is (-1 - (3 + -2)) + 0?
-2
Evaluate -1 + -3 + (4 + -5 - -4).
-1
-3 + 0 + 11 + 0
8
0 + 5 + -14 - (0 - 5)
-4
3 + -2 + (2 - -1) + -2
2
What is 9 + (3 - (-2 - -8))?
6
(12 - 8 - (2 + 0)) + 4
6
Evaluate 1 + -1 + 4 + 6 + -5.
5
What is the value of 3 + 0 + (0 - 1) + -7?
-5
20 + -9 - (7 - 1 - 3)
8
Calculate 18 + -7 - 8 - 2.
1
Evaluate (1 - (0 + 6)) + (9 - 6).
-2
Calculate 0 + ((-3 - -8) + -6 - -1).
0
-4 - ((-2 - 5) + 0)
3
(3 - 1) + (-10 + 3 - -1)
-4
(0 - 0) + -5 - (172 - 178)
1
13 + -13 + (-4 - -8 - -1)
5
What is the value of (-5 - (-3 - -2 - 2)) + -2?
-4
What is -3 + 6 + (-5 - -4) - 0?
2
What is the value of 2 + (-3 - -3) + 1 - 1?
2
What is the value of -4 + (-3 - (3 + -5))?
-5
Calculate 1 - (2 - -2) - (-9 - -5).
1
Calculate -4 - 0 - (16 + -15).
-5
What is 13 + -4 + -3 + 3 + -3?
6
What is -1 - (-3 + (0 + 6 - 3))?
-1
What is (-7 - 0) + 5 + -6?
-8
What is -2 - ((-3 - -6) + 0)?
-5
Calculate (3 + -4 - -1) + 4.
4
Evaluate -1 + 1 + -4 + 4.
0
2 + (-20 - -25 - (3 + 0))
4
Calculate 0 + 16 - (-35 + 42).
9
1 + -2 + 1 - 6
-6
Evaluate -3 - (-2 + -1) - 3 - -8.
5
(0 - -1) + (8 - (-5 - -9))
5
Calculate 4 + -6 - (-3 + 2) - 3.
-4
What is the value of -1 + 1 - (1 - -3)?
-4
Calculate 11 + (7 - 13) - (-2 + -1).
8
Calculate (-3 - 1) + (2 - -1) + -1.
-2
What is the value of 14 + (-2 - 7) - 5?
0
Evaluate -9 - -5 - (2 + -2).
-4
What is the value of -3 - (-1 + (5 - 4) + -6)?
3
What is -1 - -2 - (-4 + 4)?
1
What is the value of 4 - (-2 - (0 + -1))?
5
What is the value of 7 + (0 - (-1 - -3) - 1)?
4
-5 + (8 - 15) + 13
1
What is the value of -16 + 12 + -18 + 17?
-5
-2 + -2 + (-5 - -7) - -1
-1
Evaluate 21 + -21 + -2 + 0.
-2
(2 - 2) + 3 + -1 + -2
0
What is the value of 1 + 3 - (3 - 1)?
2
Calculate -5 + 4 + (-5 - -1).
-5
5 + 3 - (3 - (1 - 3))
3
Evaluate -1 - (-3 + 3 + -4).
3
6 + (5 - (-5 + 22 + -2))
-4
Calculate -5 + 3 + -3 + 0.
-5
What is 7 - (-8 - (-23 + (5 - 1)))?
-4
-1 + 5 + -5 - 0
-1
Evaluate 0 - (-1 + -4) - 3.
2
(-1 + (-2 - -8) - 4) + 0
1
What is -3 - (3 - (-3 + (12 - -2)))?
5
What is the value of -4 + 0 + (10 - 4)?
2
3 + -2 + (-3 - -1)
-1
What is 3 - (7 + -4 - (-1 + 2))?
1
What is 1 - ((14 - 2) + -6)?
-5
What is (4 - 0) + 84 + -94?
-6
(-32 - -31) + 1 + (1 - -3)
4
Evaluate -2 - ((-3 - -4) + -6 + -4).
7
-6 - (7 + -6 - 5)
-2
Evaluate -1 - (-1 + 9) - -5.
-4
(-1 - -3) + -1 + -5 - -8
4
What is 5 + (-6 + 0 - (2 - -1))?
-4
What is the value of 3 - ((-13 - -15) + -2 + -2)?
5
What is the value of -4 + (5 - 5 - -3 - -3)?
2
What is the value of -5 + 16 + -7 - (1 - 0)?
3
What is -4 + (-7 - -8) - (-2 + -1)?
0
What is the value of -12 + 11 + -15 + 7?
-9
33 + -25 + (-9 - 0) - -10
9
What is the value of 2 - (4 - 3) - -2?
3
Calculate -2 + 0 + -1 + 5.
2
Calculate (-4 - (-7 + 4)) + -1.
-2
What is the value of 4 + -1 + -3 + -4?
-4
What is (9 - 0) + -2 - (3 + 2)?
2
What is the value of -2 - (6 + -2 + 0) - -2?
-4
-3 - (7 + (-13 - (-4 - -5)))
4
Evaluate -3 + 7 + 1 + -1 + -2.
2
What is (1 - 4) + 4 + -4 + 0?
-3
Calculate 4 + -2 + -6 + (-14 - -9).
-9
What is 1 + (-6 - -6 - (2 + -2))?
1
Evaluate (2 + -4 - -1) + (105 - 112).
-8
Evaluate -1 + 0 - (14 + -20).
5
Calculate 14 - 14 - (-6 + 6).
0
What is (-1 - -2) + -3 + 1?
-1
What is (1 - 4) + 0 + 1 + 3?
1
Evaluate -3 + (-2 - 1) + 2.
-4
(2 - (8 - -6)) + 19
7
7 + -8 + (7 - 6)
0
What is -4 + 2 - -2 - 3?
-3
What is (0 - -5 - -1) + -5?
1
Calculate 11 - 3 - (10 + -6).
4
Evaluate 1 + -4 - -3 - (1 - 3).
2
Evaluate 3 - (-5 + 3 + 7).
-2
(1 - (0 + 1)) + (-13 - -11)
-2
What is -5 + 0 + -9 + 4 + 7?
-3
(-4 - (4 - 12)) + -8
-4
-1 + 1 + -5 - -8
3
What is 5 - (3 + -1 + -2)?
5
(-7 - (-5 - -3)) + 4 + 0
-1
0 - 0 - 0 - (63 + -64)
1
What is the value of 7 - (2 + (-3 - -6 - 2))?
4
Evaluate -7 + 6 + 12 - 9.
2
What is the value of 4 - 12 - -4 - 0?
-4
What is the value of -3 + 5 + -13 + 9?
-2
0 + 0 + (-2 - -9) + -7
0
What is 5 - (0 + -2 + (-1 - -3))?
5
1 + 1 - (-1 + 1 + -2)
4
What is the value of (-3 + -2 - -6) + (-5 - -6)?
2
Evaluate (0 - (-1 - 1)) + (-9 - -12).
5
(-19 - -19) + (2 + 0 - -1)
3
What is -5 - (4 + -2) - (-7 + 5)?
-5
Calculate 86 - 79 - (5 + -1).
3
Evaluate 3 + -2 + -7 + 15.
9
What is (2 - 1) + (11 - (4 + 1))?
7
What is 0 + (2 - (-2 + -3) - 4)?
3
Calculate -9 + 2 + 4 - 0.
-3
Calculate 0 + (1 - 3) - (-1 - 5).
4
Calculate 2 + (-7 - (-7 - -4)).
-2
What is -21 - -17 - (-6 + 2 + 2)?
-2
What is the value of 2 + -4 + 0 + 0 - -5?
3
What is -10 + (31 + -12 - 8)?
1
1 - 3 - (-1 + 0) - 2
-3
(-32 - -29) + 0 + 6 + -1
2
-3 - -8 - (-6 - -7)
4
What is 2 + (-3 - (-3 + 1 - -2))?
-1
Calculate (-9 - (-2 - 2) - -5) + 5.
5
Evaluate -5 + 8 - (4 - 3 - 1).
3
What is (-1 - (13 + -15)) + (7 - 1)?
7
-12 + 0 + (-4 - -1) + 5
-10
(6 + (0 - 7) - -6) + 2
7
What is the value of (-7 -